{"id":273,"date":"2024-06-27T12:55:49","date_gmt":"2024-06-27T10:55:49","guid":{"rendered":"https:\/\/brand-keidel-power.de\/?page_id=273"},"modified":"2025-05-14T13:15:54","modified_gmt":"2025-05-14T11:15:54","slug":"impressum","status":"publish","type":"page","link":"https:\/\/brand-keidel-power.de\/index.php\/impressum\/","title":{"rendered":"Impressum"},"content":{"rendered":"\t\t<div data-elementor-type=\"wp-page\" data-elementor-id=\"273\" class=\"elementor elementor-273\">\n\t\t\t\t<div class=\"elementor-element elementor-element-6357691 e-flex e-con-boxed e-con e-parent\" data-id=\"6357691\" data-element_type=\"container\">\n\t\t\t\t\t<div class=\"e-con-inner\">\n\t\t\t\t<div class=\"elementor-element elementor-element-9814c5e elementor-widget elementor-widget-text-editor\" data-id=\"9814c5e\" data-element_type=\"widget\" data-widget_type=\"text-editor.default\">\n\t\t\t\t<div class=\"elementor-widget-container\">\n\t\t\t<style>\/*! elementor - v3.22.0 - 26-06-2024 *\/\n.elementor-widget-text-editor.elementor-drop-cap-view-stacked .elementor-drop-cap{background-color:#69727d;color:#fff}.elementor-widget-text-editor.elementor-drop-cap-view-framed .elementor-drop-cap{color:#69727d;border:3px solid;background-color:transparent}.elementor-widget-text-editor:not(.elementor-drop-cap-view-default) .elementor-drop-cap{margin-top:8px}.elementor-widget-text-editor:not(.elementor-drop-cap-view-default) .elementor-drop-cap-letter{width:1em;height:1em}.elementor-widget-text-editor .elementor-drop-cap{float:left;text-align:center;line-height:1;font-size:50px}.elementor-widget-text-editor .elementor-drop-cap-letter{display:inline-block}<\/style>\t\t\t\t<h3><span style=\"color: #000000;\">Angaben gem\u00e4\u00df \u00a7 5 TMG<\/span><\/h3>\n<p style=\"margin-bottom: 30px; font-size: 22px; line-height: 34px; color: #878787; font-family: Lato, sans-serif;\"><span style=\"color: #000000; text-align: var(--text-align); letter-spacing: 0px;\">Brand Keidel Power GmbH &amp; Co.KG<\/span><\/p>\n<p style=\"margin-bottom: 30px; font-size: 22px; line-height: 34px; color: #878787; font-family: Lato, sans-serif;\"><span style=\"color: #000000; text-align: var(--text-align); letter-spacing: 0px;\">91625 Schnelldorf<\/span><\/p>\n<h3><span style=\"color: #000000;\">Kontakt<\/span><\/h3>\n<p style=\"margin-bottom: 30px; font-size: 22px; line-height: 34px; color: #878787; font-family: Lato, sans-serif;\"><span style=\"color: #000000;\">Telefon: 09869 2 58<\/span><br><span style=\"color: #000000;\">E-Mail: info@brand-keidel-power.de<\/span><\/p>\n<p style=\"margin-bottom: 30px; line-height: 34px;\"><font color=\"#000000\" face=\"Lato, sans-serif\"><span style=\"font-size: 22px;\">Ladestation Hotline: 0080044223355<\/span><\/font><\/p>\n<h3><span style=\"color: #000000;\">Umsatzsteuer-ID<\/span><\/h3>\n<p style=\"margin-bottom: 30px; font-size: 22px; line-height: 34px; color: #878787; font-family: Lato, sans-serif;\"><span style=\"color: #000000;\">Umsatzsteuer-Identifikationsnummer gem\u00e4\u00df \u00a727 a Umsatzsteuergesetz:<\/span><\/p>\n<p style=\"margin-bottom: 30px; font-size: 22px; line-height: 34px; color: #878787; font-family: Lato, sans-serif;\"><span style=\"color: #000000;\">Wir sind nicht bereit oder verpflichtet, an Streitbeilegungsverfahren vor einer Verbraucherschlichtungsstelle teilzunehmen.<\/span><\/p>\n<h3 style=\"margin-top: 0px; margin-bottom: 20px; font-family: Lato, sans-serif; line-height: 26px; color: #162e83; font-size: 22px; letter-spacing: normal;\"><span style=\"color: #000000;\">Haftung f\u00fcr Inhalte<\/span><\/h3>\n<p style=\"margin-bottom: 30px; font-size: 22px; line-height: 34px; color: #878787; font-family: Lato, sans-serif;\"><span style=\"color: #000000;\">Als Diensteanbieter sind wir gem\u00e4\u00df \u00a7 7 Abs.1 TMG f\u00fcr eigene Inhalte auf diesen Seiten nach den allgemeinen Gesetzen verantwortlich. Nach \u00a7\u00a7 8 bis 10 TMG sind wir als Diensteanbieter jedoch nicht verpflichtet, \u00fcbermittelte oder gespeicherte fremde Informationen zu \u00fcberwachen oder nach Umst\u00e4nden zu forschen, die auf eine rechtswidrige T\u00e4tigkeit hinweisen.<\/span><\/p>\n<p style=\"margin-bottom: 30px; font-size: 22px; line-height: 34px; color: #878787; font-family: Lato, sans-serif;\"><span style=\"color: #000000;\">Verpflichtungen zur Entfernung oder Sperrung der Nutzung von Informationen nach den allgemeinen Gesetzen bleiben hiervon unber\u00fchrt. Eine diesbez\u00fcgliche Haftung ist jedoch erst ab dem Zeitpunkt der Kenntnis einer konkreten Rechtsverletzung m\u00f6glich. Bei Bekanntwerden von entsprechenden Rechtsverletzungen werden wir diese Inhalte umgehend entfernen.<\/span><\/p>\n<h3 style=\"margin-top: 0px; margin-bottom: 20px; font-family: Lato, sans-serif; line-height: 26px; color: #162e83; font-size: 22px; letter-spacing: normal;\"><span style=\"color: #000000;\">Haftung f\u00fcr Links<\/span><\/h3>\n<p style=\"margin-bottom: 30px; font-size: 22px; line-height: 34px; color: #878787; font-family: Lato, sans-serif;\"><span style=\"color: #000000;\">Unser Angebot enth\u00e4lt Links zu externen Websites Dritter, auf deren Inhalte wir keinen Einfluss haben. Deshalb k\u00f6nnen wir f\u00fcr diese fremden Inhalte auch keine Gew\u00e4hr \u00fcbernehmen. F\u00fcr die Inhalte der verlinkten Seiten ist stets der jeweilige Anbieter oder Betreiber der Seiten verantwortlich. Die verlinkten Seiten wurden zum Zeitpunkt der Verlinkung auf m\u00f6gliche Rechtsverst\u00f6\u00dfe \u00fcberpr\u00fcft. Rechtswidrige Inhalte waren zum Zeitpunkt der Verlinkung nicht erkennbar.<\/span><\/p>\n<p style=\"margin-bottom: 30px; font-size: 22px; line-height: 34px; color: #878787; font-family: Lato, sans-serif;\"><span style=\"color: #000000;\">Eine permanente inhaltliche Kontrolle der verlinkten Seiten ist jedoch ohne konkrete Anhaltspunkte einer Rechtsverletzung nicht zumutbar. Bei Bekanntwerden von Rechtsverletzungen werden wir derartige Links umgehend entfernen.<\/span><\/p>\n<h3 style=\"margin-top: 0px; margin-bottom: 20px; font-family: Lato, sans-serif; line-height: 26px; color: #162e83; font-size: 22px; letter-spacing: normal;\"><span style=\"color: #000000;\">Urheberrecht<\/span><\/h3>\n<p style=\"margin-bottom: 30px; font-size: 22px; line-height: 34px; color: #878787; font-family: Lato, sans-serif;\"><span style=\"color: #000000;\">Die durch die Seitenbetreiber erstellten Inhalte und Werke auf diesen Seiten unterliegen dem deutschen Urheberrecht. Die Vervielf\u00e4ltigung, Bearbeitung, Verbreitung und jede Art der Verwertung au\u00dferhalb der Grenzen des Urheberrechtes bed\u00fcrfen der schriftlichen Zustimmung des jeweiligen Autors bzw. Erstellers. Downloads und Kopien dieser Seite sind nur f\u00fcr den privaten, nicht kommerziellen Gebrauch gestattet.<\/span><\/p>\n<p style=\"margin-bottom: 30px; font-size: 22px; line-height: 34px; color: #878787; font-family: Lato, sans-serif;\"><span style=\"color: #000000;\">Soweit die Inhalte auf dieser Seite nicht vom Betreiber erstellt wurden, werden die Urheberrechte Dritter beachtet. Insbesondere werden Inhalte Dritter als solche gekennzeichnet. Sollten Sie trotzdem auf eine Urheberrechtsverletzung aufmerksam werden, bitten wir um einen entsprechenden Hinweis. Bei Bekanntwerden von Rechtsverletzungen werden wir derartige Inhalte umgehend entfernen.<\/span><\/p>\t\t\t\t\t\t<\/div>\n\t\t\t\t<\/div>\n\t\t\t\t\t<\/div>\n\t\t\t\t<\/div>\n\t\t\t\t<\/div>\n\t\t","protected":false},"excerpt":{"rendered":"<p>Angaben gem\u00e4\u00df \u00a7 5 TMG Brand Keidel Power GmbH &amp; Co.KG 91625 Schnelldorf Kontakt Telefon: 09869 2 58E-Mail: info@brand-keidel-power.de Ladestation Hotline: 0080044223355 Umsatzsteuer-ID Umsatzsteuer-Identifikationsnummer gem\u00e4\u00df \u00a727 a Umsatzsteuergesetz: Wir sind nicht bereit oder verpflichtet, an Streitbeilegungsverfahren vor einer Verbraucherschlichtungsstelle teilzunehmen. Haftung f\u00fcr Inhalte Als Diensteanbieter sind wir gem\u00e4\u00df \u00a7 7 Abs.1 TMG f\u00fcr eigene Inhalte&hellip;<\/p>\n","protected":false},"author":1,"featured_media":0,"parent":0,"menu_order":0,"comment_status":"closed","ping_status":"closed","template":"","meta":{"footnotes":""},"class_list":["post-273","page","type-page","status-publish","hentry"],"yoast_head":"<!-- This site is optimized with the Yoast SEO plugin v23.7 - https:\/\/yoast.com\/wordpress\/plugins\/seo\/ -->\n<title>Impressum - Brand Keidel Power<\/title>\n<meta name=\"robots\" content=\"index, follow, max-snippet:-1, max-image-preview:large, max-video-preview:-1\" \/>\n<link rel=\"canonical\" href=\"https:\/\/brand-keidel-power.de\/index.php\/impressum\/\" \/>\n<meta property=\"og:locale\" content=\"de_DE\" \/>\n<meta property=\"og:type\" content=\"article\" \/>\n<meta property=\"og:title\" content=\"Impressum - Brand Keidel Power\" \/>\n<meta property=\"og:description\" content=\"Angaben gem\u00e4\u00df \u00a7 5 TMG Brand Keidel Power GmbH &amp; Co.KG 91625 Schnelldorf Kontakt Telefon: 09869 2 58E-Mail: info@brand-keidel-power.de Ladestation Hotline: 0080044223355 Umsatzsteuer-ID Umsatzsteuer-Identifikationsnummer gem\u00e4\u00df \u00a727 a Umsatzsteuergesetz: Wir sind nicht bereit oder verpflichtet, an Streitbeilegungsverfahren vor einer Verbraucherschlichtungsstelle teilzunehmen. Haftung f\u00fcr Inhalte Als Diensteanbieter sind wir gem\u00e4\u00df \u00a7 7 Abs.1 TMG f\u00fcr eigene Inhalte&hellip;\" \/>\n<meta property=\"og:url\" content=\"https:\/\/brand-keidel-power.de\/index.php\/impressum\/\" \/>\n<meta property=\"og:site_name\" content=\"Brand Keidel Power\" \/>\n<meta property=\"article:modified_time\" content=\"2025-05-14T11:15:54+00:00\" \/>\n<meta name=\"twitter:card\" content=\"summary_large_image\" \/>\n<meta name=\"twitter:label1\" content=\"Gesch\u00e4tzte Lesezeit\" \/>\n\t<meta name=\"twitter:data1\" content=\"2\u00a0Minuten\" \/>\n<script type=\"application\/ld+json\" class=\"yoast-schema-graph\">{\"@context\":\"https:\/\/schema.org\",\"@graph\":[{\"@type\":\"WebPage\",\"@id\":\"https:\/\/brand-keidel-power.de\/index.php\/impressum\/\",\"url\":\"https:\/\/brand-keidel-power.de\/index.php\/impressum\/\",\"name\":\"Impressum - Brand Keidel Power\",\"isPartOf\":{\"@id\":\"https:\/\/brand-keidel-power.de\/#website\"},\"datePublished\":\"2024-06-27T10:55:49+00:00\",\"dateModified\":\"2025-05-14T11:15:54+00:00\",\"breadcrumb\":{\"@id\":\"https:\/\/brand-keidel-power.de\/index.php\/impressum\/#breadcrumb\"},\"inLanguage\":\"de\",\"potentialAction\":[{\"@type\":\"ReadAction\",\"target\":[\"https:\/\/brand-keidel-power.de\/index.php\/impressum\/\"]}]},{\"@type\":\"BreadcrumbList\",\"@id\":\"https:\/\/brand-keidel-power.de\/index.php\/impressum\/#breadcrumb\",\"itemListElement\":[{\"@type\":\"ListItem\",\"position\":1,\"name\":\"Startseite\",\"item\":\"https:\/\/brand-keidel-power.de\/\"},{\"@type\":\"ListItem\",\"position\":2,\"name\":\"Impressum\"}]},{\"@type\":\"WebSite\",\"@id\":\"https:\/\/brand-keidel-power.de\/#website\",\"url\":\"https:\/\/brand-keidel-power.de\/\",\"name\":\"Brand Keidel Power\",\"description\":\"Elektrotankstelle in Schnelldorf Kreutz A6 \/ A7\",\"publisher\":{\"@id\":\"https:\/\/brand-keidel-power.de\/#organization\"},\"potentialAction\":[{\"@type\":\"SearchAction\",\"target\":{\"@type\":\"EntryPoint\",\"urlTemplate\":\"https:\/\/brand-keidel-power.de\/?s={search_term_string}\"},\"query-input\":{\"@type\":\"PropertyValueSpecification\",\"valueRequired\":true,\"valueName\":\"search_term_string\"}}],\"inLanguage\":\"de\"},{\"@type\":\"Organization\",\"@id\":\"https:\/\/brand-keidel-power.de\/#organization\",\"name\":\"Brand Keidel Power\",\"url\":\"https:\/\/brand-keidel-power.de\/\",\"logo\":{\"@type\":\"ImageObject\",\"inLanguage\":\"de\",\"@id\":\"https:\/\/brand-keidel-power.de\/#\/schema\/logo\/image\/\",\"url\":\"https:\/\/brand-keidel-power.de\/wp-content\/uploads\/2024\/10\/cropped-BKP-Logo.png\",\"contentUrl\":\"https:\/\/brand-keidel-power.de\/wp-content\/uploads\/2024\/10\/cropped-BKP-Logo.png\",\"width\":1383,\"height\":553,\"caption\":\"Brand Keidel Power\"},\"image\":{\"@id\":\"https:\/\/brand-keidel-power.de\/#\/schema\/logo\/image\/\"}}]}<\/script>\n<!-- \/ Yoast SEO plugin. -->","yoast_head_json":{"title":"Impressum - Brand Keidel Power","robots":{"index":"index","follow":"follow","max-snippet":"max-snippet:-1","max-image-preview":"max-image-preview:large","max-video-preview":"max-video-preview:-1"},"canonical":"https:\/\/brand-keidel-power.de\/index.php\/impressum\/","og_locale":"de_DE","og_type":"article","og_title":"Impressum - Brand Keidel Power","og_description":"Angaben gem\u00e4\u00df \u00a7 5 TMG Brand Keidel Power GmbH &amp; Co.KG 91625 Schnelldorf Kontakt Telefon: 09869 2 58E-Mail: info@brand-keidel-power.de Ladestation Hotline: 0080044223355 Umsatzsteuer-ID Umsatzsteuer-Identifikationsnummer gem\u00e4\u00df \u00a727 a Umsatzsteuergesetz: Wir sind nicht bereit oder verpflichtet, an Streitbeilegungsverfahren vor einer Verbraucherschlichtungsstelle teilzunehmen. Haftung f\u00fcr Inhalte Als Diensteanbieter sind wir gem\u00e4\u00df \u00a7 7 Abs.1 TMG f\u00fcr eigene Inhalte&hellip;","og_url":"https:\/\/brand-keidel-power.de\/index.php\/impressum\/","og_site_name":"Brand Keidel Power","article_modified_time":"2025-05-14T11:15:54+00:00","twitter_card":"summary_large_image","twitter_misc":{"Gesch\u00e4tzte Lesezeit":"2\u00a0Minuten"},"schema":{"@context":"https:\/\/schema.org","@graph":[{"@type":"WebPage","@id":"https:\/\/brand-keidel-power.de\/index.php\/impressum\/","url":"https:\/\/brand-keidel-power.de\/index.php\/impressum\/","name":"Impressum - Brand Keidel Power","isPartOf":{"@id":"https:\/\/brand-keidel-power.de\/#website"},"datePublished":"2024-06-27T10:55:49+00:00","dateModified":"2025-05-14T11:15:54+00:00","breadcrumb":{"@id":"https:\/\/brand-keidel-power.de\/index.php\/impressum\/#breadcrumb"},"inLanguage":"de","potentialAction":[{"@type":"ReadAction","target":["https:\/\/brand-keidel-power.de\/index.php\/impressum\/"]}]},{"@type":"BreadcrumbList","@id":"https:\/\/brand-keidel-power.de\/index.php\/impressum\/#breadcrumb","itemListElement":[{"@type":"ListItem","position":1,"name":"Startseite","item":"https:\/\/brand-keidel-power.de\/"},{"@type":"ListItem","position":2,"name":"Impressum"}]},{"@type":"WebSite","@id":"https:\/\/brand-keidel-power.de\/#website","url":"https:\/\/brand-keidel-power.de\/","name":"Brand Keidel Power","description":"Elektrotankstelle in Schnelldorf Kreutz A6 \/ A7","publisher":{"@id":"https:\/\/brand-keidel-power.de\/#organization"},"potentialAction":[{"@type":"SearchAction","target":{"@type":"EntryPoint","urlTemplate":"https:\/\/brand-keidel-power.de\/?s={search_term_string}"},"query-input":{"@type":"PropertyValueSpecification","valueRequired":true,"valueName":"search_term_string"}}],"inLanguage":"de"},{"@type":"Organization","@id":"https:\/\/brand-keidel-power.de\/#organization","name":"Brand Keidel Power","url":"https:\/\/brand-keidel-power.de\/","logo":{"@type":"ImageObject","inLanguage":"de","@id":"https:\/\/brand-keidel-power.de\/#\/schema\/logo\/image\/","url":"https:\/\/brand-keidel-power.de\/wp-content\/uploads\/2024\/10\/cropped-BKP-Logo.png","contentUrl":"https:\/\/brand-keidel-power.de\/wp-content\/uploads\/2024\/10\/cropped-BKP-Logo.png","width":1383,"height":553,"caption":"Brand Keidel Power"},"image":{"@id":"https:\/\/brand-keidel-power.de\/#\/schema\/logo\/image\/"}}]}},"_links":{"self":[{"href":"https:\/\/brand-keidel-power.de\/index.php\/wp-json\/wp\/v2\/pages\/273","targetHints":{"allow":["GET"]}}],"collection":[{"href":"https:\/\/brand-keidel-power.de\/index.php\/wp-json\/wp\/v2\/pages"}],"about":[{"href":"https:\/\/brand-keidel-power.de\/index.php\/wp-json\/wp\/v2\/types\/page"}],"author":[{"embeddable":true,"href":"https:\/\/brand-keidel-power.de\/index.php\/wp-json\/wp\/v2\/users\/1"}],"replies":[{"embeddable":true,"href":"https:\/\/brand-keidel-power.de\/index.php\/wp-json\/wp\/v2\/comments?post=273"}],"version-history":[{"count":16,"href":"https:\/\/brand-keidel-power.de\/index.php\/wp-json\/wp\/v2\/pages\/273\/revisions"}],"predecessor-version":[{"id":555,"href":"https:\/\/brand-keidel-power.de\/index.php\/wp-json\/wp\/v2\/pages\/273\/revisions\/555"}],"wp:attachment":[{"href":"https:\/\/brand-keidel-power.de\/index.php\/wp-json\/wp\/v2\/media?parent=273"}],"curies":[{"name":"wp","href":"https:\/\/api.w.org\/{rel}","templated":true}]}}